ndred thousands digit of 1177896?
1
What is the units digit of 1235922?
2
What is the tens digit of 1276355?
5
What is the hundred thousands digit of 143614?
1
What is the hundred thousands digit of 619437?
6
What is the hundreds digit of 167097?
0
What is the ten millions digit of 34970327?
3
What is the units digit of 979700?
0
What is the hundred thousands digit of 407549?
4
What is the hundreds digit of 503604?
6
What is the tens digit of 31375549?
4
What is the hundreds digit of 370730?
7
What is the hundred thousands digit of 6977214?
9
What is the hundreds digit of 608310?
3
What is the millions digit of 2054265?
2
What is the ten thousands digit of 9602685?
0
What is the tens digit of 1569755?
5
What is the thousands digit of 29118?
9
What is the tens digit of 2164992?
9
What is the ten thousands digit of 305190?
0
What is the hundreds digit of 3816799?
7
What is the tens digit of 439454?
5
What is the ten thousands digit of 6932648?
3
What is the tens digit of 562849?
4
What is the ten thousands digit of 33194043?
9
What is the units digit of 87246?
6
What is the hundreds digit of 5076429?
4
What is the ten thousands digit of 9051245?
5
What is the hundred thousands digit of 13789914?
7
What is the tens digit of 3596029?
2
What is the ten thousands digit of 48621?
4
What is the units digit of 32620877?
7
What is the ten millions digit of 27770332?
2
What is the tens digit of 5994581?
8
What is the tens digit of 26221?
2
What is the hundred thousands digit of 868601?
8
What is the ten thousands digit of 8251465?
5
What is the units digit of 620781?
1
What is the hundreds digit of 14271334?
3
What is the hundred thousands digit of 166033?
1
What is the ten thousands digit of 845633?
4
What is the hundred thousands digit of 229319?
2
What is the units digit of 142442?
2
What is the millions digit of 3662728?
3
What is the units digit of 2769153?
3
What is the thousands digit of 1019493?
9
What is the hundred thousands digit of 478891?
4
What is the ten thousands digit of 214484?
1
What is the hundred thousands digit of 253381?
2
What is the thousands digit of 6184?
6
What is the hundred thousands digit of 852899?
8
What is the hundred thousands digit of 2395661?
3
What is the hundred thousands digit of 4585576?
5
What is the tens digit of 1387327?
2
What is the thousands digit of 6864739?
4
What is the tens digit of 3292534?
3
What is the hundreds digit of 1109651?
6
What is the ten thousands digit of 8824145?
2
What is the thousands digit of 220167?
0
What is the tens digit of 1196371?
7
What is the millions digit of 36741016?
6
What is the units digit of 2081156?
6
What is the thousands digit of 2327444?
7
What is the units digit of 56717?
7
What is the ten thousands digit of 215985?
1
What is the hundred thousands digit of 1309752?
3
What is the hundred thousands digit of 756561?
7
What is the hundred thousands digit of 223918?
2
What is the ten thousands digit of 11813490?
1
What is the thousands digit of 607831?
7
What is the hundred thousands digit of 13752063?
7
What is the millions digit of 8096727?
8
What is the units digit of 55658?
8
What is the tens digit of 16518080?
8
What is the thousands digit of 535764?
5
What is the hundred thousands digit of 200457?
2
What is the thousands digit of 904321?
4
What is the units digit of 343779?
9
What is the hundred thousands digit of 581125?
5
What is the thousands digit of 889848?
9
What is the hundreds digit of 31265754?
7
What is the tens digit of 105469?
6
What is the hundred thousands digit of 391570?
3
What is the tens digit of 17244442?
4
What is the thousands digit of 1229586?
9
What is the ten thousands digit of 115075?
1
What is the units digit of 160468?
8
What is the units digit of 477673?
3
What is the units digit of 12667?
7
What is the tens digit of 9523770?
7
What is the ten thousands digit of 775346?
7
What is the ten thousands digit of 715471?
1
What is the thousands digit of 562604?
2
What is the tens digit of 22184999?
9
What is the hundred thousands digit of 3914740?
9
What is the millions digit of 2934101?
2
What is the ten thousands digit of 387947?
8
What is the hundreds digit of 27438544?
5
What is the units digit of 3337081?
1
What is the ten thousands digit of 5140680?
4
What is the ten thousands digit of 7814251?
1
What is the tens digit of 61725?
2
What is the thousands digit of 59027?
9
What is the tens digit of 1029379?
7
What is the hundred thousands digit of 248443?
2
What is the units digit of 434125?
5
What is the ten thousands digit of 459785?
5
What is the units digit of 26912?
2
What is the hundreds digit of 74576?
5
What is the millions digit of 6539805?
6
What is the ten thousands digit of 1785173?
8
What is the hundred thousands digit of 36639630?
6
What is the units digit of 79122?
2
What is the hundred thousands digit of 1369949?
3
What is the thousands digit of 2733669?
3
What is the hundred thousands digit of 156595?
1
What is the units digit of 351975?
5
What is the thousands digit of 447517?
7
What is the hundreds digit of 241540?
5
What is the hundred thousands digit of 1134437?
1
What is the hundreds digit of 5100326?
3
What is the tens digit of 1418905?
0
What is the units digit of 421234?
4
What is the units digit of 1216394?
4
What is the thousands digit of 1304679?
4
What is the tens digit of 7812204?
0
What is the ten thousands digit of 108571?
0
What is the ten millions digit of 20736788?
2
What is the hundreds digit of 65810?
8
What is the units digit of 4229985?
5
What is the tens digit of 162192?
9
What is the thousands digit of 2737170?
7
What is the hundred thousands digit of 501700?
5
What is the hundreds digit of 69862?
8
What is the thousands digit of 74195?
4
What is the hundreds digit of 6179036?
0
What is the hundreds digit of 46522?
5
What is the hundred thousands digit of 3515369?
5
What is the ten thousands digit of 4278709?
7
What is the units digit of 2196200?
0
What is the millions digit of 5147260?
5
What is the hundreds digit of 28446?
4
What is the millions digit of 14506042?
4
What is the ten thousands digit of 1121288?
2
What is the units digit of 18780901?
1
What is the millions digit of 5255948?
5
What is the millions digit of 4611696?
4
What is the units digit of 5803334?
4
What is the millions digit of 6903767?
6
What is the thousands digit of 12869014?
9
What is the ten thousands digit of 819120?
1
What is the units digit of 21319689?
9
What is the millions digit of 1950001?
1
What is the hundred thousands digit of 693492?
6
What is the hundreds digit of 5600739?
7
What is the hundred thousands digit of 570920?
5
What is the hundreds digit of 150865?
8
What is the hundred thousands digit of 1644371?
6
What is the thousands digit of 262699?
2
What is the hundreds digit of 60494?
4
What is the thousands digit of 276526?
6
What is the ten thousands digit of 949557?
4
What is the thousands digit of 5889079?
9
What is the ten thousands digit of 47837?
4
What is the units digit of 334999?
9
What is the hundred thousands digit of 25917465?
9
What is the thousands digit of 17076066?
6
What is the hundreds digit of 2313614?
6
What is the hundred thousands digit of 608024?
6
What is the ten thousands digit of 264137?
6
What is the ten thousands digit of 376854?
7
What is the millions digit of 5915938?
5
What is the tens digit of 20977637?
3
What is the hundred thousands digit of 1277949?
2
What is the tens digit of 95656?
5
What is the ten thousands digit of 216713?
1
What is the thousands digit of 375742?
5
What is the tens digit of 4764679?
7
What is the hundreds digit of 73650?
6
What is the hundreds digit of 9350626?
6
What is the millions digit of 1724059?
1
What is the millions digit of 1901834?
1
What is the hundreds digit of 21965567?
5
What is the tens digit of 333353?
5
What is the tens digit of 28577?
7
What is the hundred thousands digit of 6219731?
2
What is the tens digit of 1928097?
9
What is the ten thousands digit of 603143?
0
What is the units digit of 9153041?
1
What is the thousands digit of 1602655?
2
What is the hundreds digit of 820764?
7
What is the units digit of 528633?
3
What is the hundreds digit of 1651108?
1
What is the thousands digit of 29206579?
6
What is the ten thousands digit